64
In base 3, what is -11100112212001111120 - -2?
-11100112212001111111
In base 14, what is 4 - 527137b?
-5271377
In base 3, what is 122 - -101020111100011?
101020111100210
In base 16, what is -20e - -2128f?
21081
In base 12, what is -2b1 + -12218?
-12509
In base 8, what is 23 - -11470134?
11470157
In base 12, what is -1877a7 - 198?
-187983
In base 4, what is -1331100323 + 21300?
-1331013023
In base 11, what is a5 - 1448?
-1353
In base 14, what is -245c6 + 3c?
-24588
In base 8, what is -121126155 - 15?
-121126172
In base 5, what is 304404 - 42104?
212300
In base 11, what is -1a9 + -a6431?
-a662a
In base 11, what is 33857 + -1a62?
318a5
In base 14, what is -3 + 16dd96b4?
16dd96b1
In base 14, what is 8 - 178093?
-178089
In base 10, what is 134438370 + -2?
134438368
In base 12, what is 0 + 2719780?
2719780
In base 15, what is -2573e9 - 0?
-2573e9
In base 15, what is -99ea025 + -4?
-99ea029
In base 7, what is -14242145 - -10?
-14242135
In base 13, what is a82207a + 5?
a822082
In base 5, what is -23402201141 + 1?
-23402201140
In base 14, what is 6 - 2146d?
-21467
In base 6, what is -5 - 23343244?
-23343253
In base 7, what is -50423 - 2166?
-52622
In base 9, what is 7403 + -1053?
6340
In base 13, what is -2 + 69228ac?
69228aa
In base 7, what is -432 - 2066254?
-2100016
In base 2, what is 1101100111111011 - -11100001001101?
10001001001001000
In base 3, what is -110 - 102021220212212?
-102021220220022
In base 11, what is -5194a89 + -11?
-5194a9a
In base 3, what is 20212 - 202220021220?
-202220001001
In base 3, what is -11201011212 + -2022?
-11201021011
In base 3, what is -22212 - 1202021002?
-1202120221
In base 12, what is 59b - 14b7?
-b18
In base 13, what is -18468 - -1981?
-167b7
In base 10, what is -1154 - 13863?
-15017
In base 3, what is 1 + 1200201010210?
1200201010211
In base 9, what is 3 - -288582667?
288582671
In base 8, what is 0 - -366552102?
366552102
In base 15, what is -5 + 5800351?
580034b
In base 5, what is 10 - 21132400043?
-21132400033
In base 6, what is 1101411424 + -5?
1101411415
In base 3, what is 12 + -10021210122001?
-10021210121212
In base 3, what is 121101 + -110110220212?
-110110022111
In base 16, what is -400 + bf0?
7f0
In base 15, what is -390 + 714ac?
7111c
In base 9, what is 21 + 14243528?
14243550
In base 10, what is -722 + 1160?
438
In base 10, what is -603507 - 4?
-603511
In base 6, what is -412 - -1150235?
1145423
In base 8, what is -231 + -17741?
-20172
In base 2, what is -1100110100110001 + 1011100100010?
-1011011000001111
In base 5, what is 10440414204 - -1?
10440414210
In base 3, what is -2021202200221212 + 2?
-2021202200221210
In base 14, what is -19 + 478a7?
4788c
In base 3, what is 21201020022112012 - -11?
21201020022112100
In base 2, what is -10101100010111100 - -11?
-10101100010111001
In base 9, what is 25082503 + -7?
25082485
In base 16, what is -2 - 3b46fd?
-3b46ff
In base 5, what is 133021241001 + -1?
133021241000
In base 6, what is -1405 - 30514023?
-30515432
In base 13, what is 34 - a66c84?
-a66c50
In base 16, what is -53 - 4435?
-4488
In base 11, what is 1111 + a8207?
a9318
In base 13, what is 6 + -70798b?
-707985
In base 14, what is 703a9c - 28?
703a74
In base 8, what is -21363 - 110?
-21473
In base 10, what is 760044 + 91?
760135
In base 6, what is 10 + -543152150?
-543152140
In base 11, what is -71745 + 49?
-716a7
In base 6, what is -4 + 120013151?
120013143
In base 16, what is fa6 + 1d5?
117b
In base 8, what is -4 + 440037635?
440037631
In base 9, what is 1033 - 16820?
-15776
In base 11, what is 63a20 - -3241?
67161
In base 11, what is -97408 - 3a?
-97447
In base 2, what is 11000001110111111 - 110010110?
11000001000101001
In base 3, what is -20221020012012 + 2?
-20221020012010
In base 2, what is 10001111000001111010100000011 - 101?
10001111000001111010011111110
In base 8, what is 41 - -51010664?
51010725
In base 6, what is -5 + -10520443?
-10520452
In base 14, what is d24 - 628a?
-5366
In base 11, what is 1814236 - -4?
181423a
In base 3, what is -22110121 - 2010022122?
-2102210020
In base 15, what is -2 - 36231d?
-362320
In base 5, what is -2410 - -300101204?
300043244
In base 13, what is -1c - -15a4c9?
15a4aa
In base 9, what is 4 + 87433018?
87433023
In base 3, what is 21122000122 + 10021011?
21202021210
In base 16, what is -37c5a - -23?
-37c37
In base 2, what is 10 - -110011010111000110010?
110011010111000110100
In base 3, what is 200101 + -1021122221?
-1020222120
In base 7, what is 353600260 - 0?
353600260
In base 15, what is a93 - -add?
1681
In base 9, what is -145 + -1358427?
-1358573
In base 13, what is 1 - -116270c?
1162710
In base 9, what is 840257736 + 5?
840257742
In base 11, what is 22081a6 - 6?
22081a0
In base 7, what is 44432 + -4443?
36656
In base 15, what is -10 - -3a83b?
3a82b
In base 4, what is -10 + -3131332133212?
-3131332133222
In base 6, what is 115025 - -325?
115354
In base 11, what is 10 - 1078706?
-10786a6
In base 2, what is -1101110111001000001 + 101101?
-1101110111000010100
In base 14, what is -4 + -28c564a?
-28c5650
In base 6, what is 153205 + 1251?
154500
In base 9, what is 12 + 7212754?
7212766
In base 16, what is -e026 + -48e5?
-1290b
In base 14, what is -4acb1 - -3b3?
-4a8dc
In base 14, what is -1098c + 5b3?
-103b9
In base 16, what is b - -2cd354?
2cd35f
In base 8, what is 2 + 420650?
420652
In base 5, what is 3 - 12122111?
-12122103
In base 6, what is -12 + -103131544?
-103132000
In base 15, what is -ad + -11b20?
-11bcd
In base 4, what is 1003 - 1030100333?
-1030033330
In base 7, what is -33425453 - 13?
-33425466
In base 4, what is 32312313222 - -12?
32312313300
In base 12, what is -4b19b + 165?
-4b036
In base 9, what is 73807 + -14?
73783
In base 9, what is 4 - 20656745?
-20656741
In base 16, what is a3b8 - -317?
a6cf
In base 15, what is -d905be - -1?
-d905bd
In base 9, what is 30528170 + -5?
30528164
In base 16, what is -3b - 8331a?
-83355
In base 8, what is 1 - -1205653572?
1205653573
In base 12, what is a37 + 6190?
7007
In base 14, what is -9b76 + 41c?
-9758
In base 12, what is 1 + -497b549?
-497b548
In base 5, what is 32124 + -103003?
-20324
In base 5, what is 102 - -220344?
221001
In base 15, what is -19e37 + -52d?
-1a465
In base 12, what is 6 + 2562147?
2562151
In base 8, what is 7651 + -16256?
-6405
In base 8, what is 3 - 47400036?
-47400033
In base 2, what is -1011001001 + 11100000100110101101?
11100000011011100100
In base 10, what is -191 + 47895?
47704
In base 9, what is 15381 + 1736?
17227
In base 3, what is 101202201101 - 211102?
101201212222
In base 8, what is 7504710 - 4?
7504704
In base 8, what is 407675657 + -3?
407675654
In base 2, what is -11 - 1000010001111110101100100?
-1000010001111110101100111
In base 11, what is 2637 + -12946?
-1030a
In base 5, what is 1332014303321 + -2?
1332014303314
In base 9, what is 8462851 - -40?
8463001
In base 9, what is -387368 - 73?
-387452
In base 4, what is 10 - 3331233312112?
-3331233312102
In base 7, what is 2405 + -21?
2354
In base 14, what is 1 + 3748d12?
3748d13
In base 9, what is 122228 - 38?
122180
In base 14, what is 102b8 - 3c52?
a466
In base 8, what is -12 + -30755115?
-30755127
In base 7, what is -53455 - -24126?
-26326
In base 12, what is 6 + 393a23?
393a29
In base 7, what is -13441 + -45655?
-62426
In base 5, what is 10 - 10010012044?
-10010012034
In base 14, what is 7 + -6b8556?
-6b854d
In base 12, what is -5222 - -24358?
1b136
In base 2, what is -1100010 - -1001111110011001000101?
1001111110010111100011
In base 5, what is -1212424043 - -220?
-1212423323
In base 13, what is -11ba1 + -1327?
-131c8
In base 13, what is 1cc76361 - -4?
1cc76365
In base 3, what is 2 + -102100211012012021?
-102100211012012012
In base 10, what is -659 - 33598?
-34257
In base 14, what is 4a92a - -d?
4a939
In base 8, what is 11 - 3725350?
-3725337
In base 11, what is -3 - -433067?
433064
In base 9, what is 887661 - -334?
888105
In base 15, what is e62e80 - -1?
e62e81
In base 10, what is 5 + -982343?
-982338
In base 10, what is 1 - -906455?
906456
In base 7, what is 2 - -425325435?
425325440
In base 8, what is 0 + -51622404?
-51622404
In base 8, what is 36 - -1720123?
1720161
In base 7, what is -10250 + 122265?
112015
In base 12, what is -168320b5 + 5?
-168320b0
In base 14, what is -d7 - -23c0a8?
23bdb1
In base 11, what is 59